{"id":19,"date":"2016-09-30T18:33:11","date_gmt":"2016-09-30T18:33:11","guid":{"rendered":"http:\/\/freunde-historischer-faltboote.de\/?page_id=19"},"modified":"2019-09-08T17:46:44","modified_gmt":"2019-09-08T17:46:44","slug":"der-verein","status":"publish","type":"page","link":"http:\/\/freunde-historischer-faltboote.de\/?page_id=19","title":{"rendered":"Der Verein"},"content":{"rendered":"<p>Wir haben es uns zur Aufgabe gemacht, die reiche Vielfalt des Faltbootbaus zu bewahren, aufzuarbeiten und der \u00d6ffentlichkeit zug\u00e4nglich zu machen.<\/p>\n<p>Wir sammeln Exponate der Wassersportgeschichte wie Faltboote, Bootsteile und Modelle, Zelte und Campingausr\u00fcstung aus der Bl\u00fctezeit des Faltbootes.<\/p>\n<p>Weiter interessieren wir uns f\u00fcr paddelhistorische Kunst, Literatur und Berichte.<\/p>\n<p>All dies wollen wir erfassen, aufarbeiten, dokumentieren&#8230;<\/p>\n<p>&#8230; und f\u00fcr die Gegenwart und Nachwelt erhalten.<\/p>\n<p>\u00a0<\/p>\n<p>Gerne verleihen wir Exponate f\u00fcr kanusportliche Veranstaltungen und Ausstellungen!<\/p>\n<p>\u00a0<\/p>\n<p>\u00a0<\/p>\n<p>\u00a0<\/p>\n<p>\u00a0<\/p>\n\n\n<p><\/p>\n","protected":false},"excerpt":{"rendered":"<p>Wir haben es uns zur Aufgabe gemacht, die reiche Vielfalt des Faltbootbaus zu bewahren, aufzuarbeiten und der \u00d6ffentlichkeit zug\u00e4nglich zu machen. Wir sammeln Exponate der Wassersportgeschichte wie Faltboote, Bootsteile und Modelle, Zelte und Campingausr\u00fcstung aus der Bl\u00fctezeit des Faltbootes. Weiter interessieren wir uns f\u00fcr paddelhistorische Kunst, Literatur und Berichte. All dies wollen wir erfassen, aufarbeiten, dokumentieren&#8230; &#8230; und f\u00fcr die [&hellip;]<\/p>\n","protected":false},"author":1,"featured_media":0,"parent":0,"menu_order":0,"comment_status":"closed","ping_status":"closed","template":"","meta":[],"_links":{"self":[{"href":"http:\/\/freunde-historischer-faltboote.de\/index.php?rest_route=\/wp\/v2\/pages\/19"}],"collection":[{"href":"http:\/\/freunde-historischer-faltboote.de\/index.php?rest_route=\/wp\/v2\/pages"}],"about":[{"href":"http:\/\/freunde-historischer-faltboote.de\/index.php?rest_route=\/wp\/v2\/types\/page"}],"author":[{"embeddable":true,"href":"http:\/\/freunde-historischer-faltboote.de\/index.php?rest_route=\/wp\/v2\/users\/1"}],"replies":[{"embeddable":true,"href":"http:\/\/freunde-historischer-faltboote.de\/index.php?rest_route=%2Fwp%2Fv2%2Fcomments&post=19"}],"version-history":[{"count":11,"href":"http:\/\/freunde-historischer-faltboote.de\/index.php?rest_route=\/wp\/v2\/pages\/19\/revisions"}],"predecessor-version":[{"id":796,"href":"http:\/\/freunde-historischer-faltboote.de\/index.php?rest_route=\/wp\/v2\/pages\/19\/revisions\/796"}],"wp:attachment":[{"href":"http:\/\/freunde-historischer-faltboote.de\/index.php?rest_route=%2Fwp%2Fv2%2Fmedia&parent=19"}],"curies":[{"name":"wp","href":"https:\/\/api.w.org\/{rel}","templated":true}]}}