{"id":165,"date":"2017-01-15T09:53:03","date_gmt":"2017-01-15T09:53:03","guid":{"rendered":"http:\/\/freunde-historischer-faltboote.de\/?page_id=165"},"modified":"2017-05-14T17:54:45","modified_gmt":"2017-05-14T17:54:45","slug":"sammlung","status":"publish","type":"page","link":"http:\/\/freunde-historischer-faltboote.de\/?page_id=165","title":{"rendered":"Sammlung"},"content":{"rendered":"<p>Hier entsteht dem\u00e4chst eine \u00dcbersicht \u00fcber den Bestand des Vereins, Boote, Zubeh\u00f6r, Literatur.<\/p>\n","protected":false},"excerpt":{"rendered":"<p>Hier entsteht dem\u00e4chst eine \u00dcbersicht \u00fcber den Bestand des Vereins, Boote, Zubeh\u00f6r, Literatur.<\/p>\n","protected":false},"author":1,"featured_media":0,"parent":0,"menu_order":0,"comment_status":"closed","ping_status":"closed","template":"","meta":[],"_links":{"self":[{"href":"http:\/\/freunde-historischer-faltboote.de\/index.php?rest_route=\/wp\/v2\/pages\/165"}],"collection":[{"href":"http:\/\/freunde-historischer-faltboote.de\/index.php?rest_route=\/wp\/v2\/pages"}],"about":[{"href":"http:\/\/freunde-historischer-faltboote.de\/index.php?rest_route=\/wp\/v2\/types\/page"}],"author":[{"embeddable":true,"href":"http:\/\/freunde-historischer-faltboote.de\/index.php?rest_route=\/wp\/v2\/users\/1"}],"replies":[{"embeddable":true,"href":"http:\/\/freunde-historischer-faltboote.de\/index.php?rest_route=%2Fwp%2Fv2%2Fcomments&post=165"}],"version-history":[{"count":4,"href":"http:\/\/freunde-historischer-faltboote.de\/index.php?rest_route=\/wp\/v2\/pages\/165\/revisions"}],"predecessor-version":[{"id":386,"href":"http:\/\/freunde-historischer-faltboote.de\/index.php?rest_route=\/wp\/v2\/pages\/165\/revisions\/386"}],"wp:attachment":[{"href":"http:\/\/freunde-historischer-faltboote.de\/index.php?rest_route=%2Fwp%2Fv2%2Fmedia&parent=165"}],"curies":[{"name":"wp","href":"https:\/\/api.w.org\/{rel}","templated":true}]}}